+ 88. Determine o(-14).
-108
Let m(y) = -6713*y - 382616. Give m(-57).
25
Let l(n) = -56*n**3 - 25*n**2 + 4066*n + 4090. Determine l(-1).
55
Let f(h) = 564*h - 20972. Determine f(41).
2152
Let n(v) = 5*v**2 + 94*v + 6. Give n(-8).
-426
Let t(g) = -4*g**2 + 169*g - 446. Give t(45).
-941
Let f(h) = -305733*h - 2751598. What is f(-9)?
-1
Let j(r) = 1182429*r - 10641851. Calculate j(9).
10
Let a(d) = 90168*d + 8205246. Give a(-91).
-42
Let o(i) = i**3 + 110*i**2 + 9*i + 961. Determine o(-110).
-29
Let b(w) = 4*w**3 - 4*w**2 - 97*w + 292. Determine b(3).
73
Let l(d) = -3*d**3 - 799*d**2 - 186*d + 21288. Calculate l(-266).
8
Let s(k) = k**3 + 5*k**2 - 1450*k + 1408. What is s(-41)?
342
Let y(l) = 3087*l + 558745. Give y(-181).
-2
Let j(y) = y**3 + 5*y**2 - 7585*y - 15172. Determine j(-2).
10
Let z(n) = 2290*n + 131. Determine z(0).
131
Let t(o) = 12*o**3 - 57*o**2 + 30*o + 114. What is t(7)?
1647
Let t(z) = z**3 + 346*z**2 - 123737*z - 1145. Determine t(-565).
-15
Let w(b) = -33*b**2 - 1501*b - 3010. Determine w(-2).
-140
Let i(h) = 24*h**2 - 116*h - 140. Determine i(8).
468
Let x(n) = 2*n**2 - 58*n - 469. Determine x(-7).
35
Let b(l) = 2030*l - 36680. Determine b(18).
-140
Let v(y) = 333*y**2 + 19975*y - 290. Calculate v(-60).
10
Let b(i) = 1280*i - 33336. What is b(26)?
-56
Let y(w) = -256*w - 2774. Calculate y(-2).
-2262
Let t(b) = 776*b - 493550. Give t(636).
-14
Let j(i) = 4*i**2 - 9248*i + 83225. Calculate j(9).
317
Let k(r) = -1603*r + 16888. Give k(11).
-745
Let y(r) = -r**2 - 144*r - 5028. Calculate y(-79).
107
Let s(u) = u**3 - 76*u**2 - 333*u + 1002. Determine s(80).
-38
Let u(i) = -47*i**2 + 3169*i - 1068. Calculate u(67).
272
Let t(m) = 3566*m - 652551. Calculate t(183).
27
Let b(o) = -2641*o + 26636. Calculate b(10).
226
Let q(o) = -22*o**2 + 2726*o + 371. Determine q(124).
123
Let m(s) = -5*s**3 + 93*s**2 + 41*s - 17. What is m(19)?
40
Let m(g) = 48*g - 1665. Determine m(54).
927
Let g(k) = k**2 + 7986*k + 7649649. Calculate g(-1113).
0
Let s(j) = j**2 + 70*j - 11585. Calculate s(78).
-41
Let z(m) = -319*m + 9185. Give z(32).
-1023
Let x(m) = m**3 + 230*m**2 + 8288*m - 1655. What is x(-45)?
10
Let h(x) = -x**3 + 26*x**2 + 2*x - 1213. Determine h(22).
767
Let p(x) = 217806*x - 6316341. Determine p(29).
33
Let v(u) = -6*u**3 + 17*u**2 + 47*u - 35. What is v(-4)?
433
Let j(h) = -28699*h - 143566. Calculate j(-5).
-71
Let l(q) = -3336*q + 10001. Determine l(3).
-7
Let o(v) = 4*v**3 - 30*v**2 - 9*v + 133. Calculate o(7).
-28
Let w(l) = -3*l**3 + 212*l**2 - 743*l + 401. Determine w(67).
-1
Let m(j) = -74*j**2 - 5031*j + 76. Determine m(-68).
8
Let l(z) = 1943*z**2 + 101037*z + 105. What is l(-52)?
53
Let c(q) = 27*q**2 + 95*q - 549. What is c(7)?
1439
Let b(v) = -v**3 + 34*v**2 - 109*v - 364. Calculate b(30).
-34
Let r(c) = c**2 - 67*c - 1198. Determine r(29).
-2300
Let j(s) = -3*s**2 + 98*s - 838. What is j(13)?
-71
Let h(a) = -a**2 + 42*a + 123. Calculate h(-5).
-112
Let a(l) = 3028*l - 48551. Calculate a(16).
-103
Let j(x) = -6826*x + 34079. Give j(5).
-51
Let n(y) = -17280*y - 51837. Give n(-3).
3
Let o(p) = 2570*p - 48764. Give o(19).
66
Let q(n) = -2*n**2 + 918*n + 130647. Give q(573).
3
Let t(r) = r**3 - 458*r**2 - 26*r + 12643. Calculate t(458).
735
Let a(q) = -q**2 + 10751*q + 75338. Calculate a(-7).
32
Let u(y) = -2042*y - 28040. Determine u(-13).
-1494
Let l(z) = 9078*z - 54623. What is l(6)?
-155
Let g(j) = 1108*j + 54308. Calculate g(-49).
16
Let f(t) = 48*t**2 + 14*t - 37. Give f(-6).
1607
Let b(s) = 2*s**3 + 2*s**2 - 336*s - 2160. Calculate b(15).
0
Let z(q) = -3*q**3 + 60*q**2 - 50243*q + 953527. What is z(19)?
-7
Let p(q) = -8*q**3 - q**2 - 1778*q + 5320. Give p(3).
-239
Let t(m) = -742*m - 7990. Give t(-11).
172
Let p(s) = -2*s**2 - 437*s - 24112. Calculate p(-127).
-871
Let d(q) = 3*q**3 + 610*q**2 - 312*q + 19578. What is d(-204)?
-6
Let l(m) = -2*m**2 - 407*m + 2461. Determine l(6).
-53
Let k(w) = 162*w - 15651. Determine k(90).
-1071
Let q(u) = -16382*u - 7830594. Determine q(-478).
2
Let b(d) = -10973*d + 18752859. Determine b(1709).
2
Let n(t) = -3*t**3 - 742*t**2 - 4342*t + 19. Determine n(-6).
7
Let o(b) = -85*b**3 - 9178*b**2 + 220*b + 364. Determine o(-108).
-68
Let d(y) = 1150*y - 11662. Determine d(11).
988
Let b(g) = -62*g**2 + 1009*g - 3894. Determine b(10).
-4
Let x(c) = -2034*c - 15231. Determine x(-8).
1041
Let t(g) = -g**3 + 67*g**2 + 1369*g + 661. Give t(-16).
5
Let k(o) = 15*o**3 - 784*o**2 + 219*o - 573. What is k(52)?
-1
Let y(n) = 6*n**3 + 97*n**2 - 174*n + 94. Determine y(-18).
-338
Let v(z) = 2*z**2 - 21*z - 2016. Determine v(-28).
140
Let j(p) = -p**2 - 28*p + 9887. What is j(-114)?
83
Let t(d) = 45*d**2 + 1699*d - 29698. What is t(13)?
-6
Let u(g) = -3*g**3 - 30*g**2 + 148*g + 1660. Determine u(-10).
180
Let x(c) = -29*c**3 - 60398*c**2 - 60400*c - 3. Determine x(-1).
28
Let r(m) = -1310*m - 119198. What is r(-91)?
12
Let o(l) = -4*l**3 - 62*l**2 + 161*l - 93. What is o(2)?
-51
Let u(c) = -893*c + 33612. Determine u(38).
-322
Let x(z) = 3*z**3 + 1002*z**2 + 967*z - 37. Determine x(-1).
-5
Let z(k) = -k**2 + 144*k + 897. What is z(146)?
605
Let k(f) = -f**3 + 42*f**2 + 1084*f - 273. Give k(60).
-33
Let p(l) = 28*l**2 - 574*l + 799. What is p(17)?
-867
Let w(c) = 9*c**3 + 835*c**2 + 193*c + 35252. Determine w(-93).
5
Let z(r) = -2*r**2 + 571*r - 3433. Calculate z(6).
-79
Let f(t) = t**2 - 774*t - 24979. Give f(-31).
-24
Let w(z) = -z**2 - 2521*z + 45882. Give w(18).
180
Let c(n) = -6*n**2 + 1650*n - 51614. Give c(36).
10
Let b(z) = -292360*z - 11694397. What is b(-40)?
3
Let s(q) = 4*q**3 + 926*q**2 - 2343*q - 702. Calculate s(-234).
0
Let u(o) = -o**3 - 49*o**2 - 9*o - 491. What is u(-49)?
-50
Let q(g) = -g**3 - 112*g**2 - 536*g - 41. Determine q(-5).
-36
Let b(t) = 4*t**2 + 573*t + 16402. Calculate b(-40).
-118
Let r(c) = -75*c**2 + 4166*c + 24909. What is r(-6)?
-2787
Let s(q) = 4*q**3 - 25*q**2 - 317*q + 1928. Give s(6).
-10
Let u(q) = 20*q**2 + 5468*q + 23669. Determine u(-269).
-3
Let u(p) = 3078*p**3 + 58*p**2 - 57*p + 6. What is u(1)?
3085
Let v(x) = 2571*x - 2542690. Calculate v(989).
29
Let a(v) = v**3 - 32*v**2 + 545*v - 2844. Calculate a(8).
-20
Let g(v) = 54*v - 5564. What is g(72)?
-1676
Let z(q) = -28*q**2 + 94*q - 276. Calculate z(4).
-348
Let h(u) = u**3 - 32*u**2 + 207*u - 191. Determine h(23).
-191
Let u(n) = -4892*n + 212740. Calculate u(44).
-2508
Let x(p) = -8*p**3 + 780*p**2 - 2641*p - 118. Calculate x(94).
-964
Let l(j) = -2*j**3 - 161*j**2 - 81*j + 111. Calculate l(-80).
191
Let h(l) = 4*l**2 + 148*l - 97. What is h(-39)?
215
Let m(l) = 872*l - 7682. Determine m(7).
-1578
Let m(q) = -11688*q + 362335. Give m(31).
7
Let r(p) = -31*p**2 - 27*p - 180. Give r(0).
-180
Let c(b) = b**3 - 32*b**2 + 68*b + 1786. Determine c(27).
-23
Let r(a) = -1903*a - 157740. Determine r(-83).
209
Let u(o) = -1142399*o + 17135982. Calculate u(15).
-3
Let h(j) = 2*j**2 + 281*j - 1006. What is h(-149)?
1527
Let b(j) = -199*j - 1715. Determine b(-4).
-919
Let v(b) = 925*b - 20302. What is v(22)?
48
Let q(p) = -6*p**2 - 10733*p + 184195. What is q(17)?
0
Let l(d) = 11*d**2 + 5080*d + 72895. Give l(-447).
34
Let o(l) = l**3 + 4*l**2 - 6506*l - 26021. Give o(-4).
3
Let m(n) = n**2 - 5308*n - 95810. Give m(-18).
58
Let n(v) = -v**3 + 111*v**2 - 94*v + 100. Give n(110).
1860
Let k(n) = -768*n + 72192. Give k(94).
0
Let v(j) = -3532*j + 20986. What is v(6)?
-206
Let v(p) = 5344*p + 31861. Determine v(-6).
-203
Let i(a) = a**3 + 24*a**2 - 859*a - 312. What is i(-43)?
1494
Let b(t) = 6*t**3 - 343*t**2 + 61*t - 288. What is b(57)?
-60
Let j(b) = -13379*b - 87559. What is j(-7)?
6094
Let y(i) = -9*i**2 - 63*i + 1542. What is y(16)?
-1770
Let u(v) = v**3 - 9*v**2 - 339*v + 1816. Calculate u(5).
21
Let i(l) = -155842*l - 622741. What is i(-4)?
627
Let u(b) = -7*b**2 - 219*b - 1257. Give u(-22).
173
Let o(u) = -746*u - 127561. What is o(-171)?
5
Let a(t) = t**3 + 970*t**2 + 4047*t + 176788. What is a(-966)?
10
Let j(y) = -4468*y - 312744. Calculate j(-70).
16
Let p(s) = 4640*s**2 - 40*s - 41. Determine p(-1).
4639
Let r(g) = 268*g + 16108. What is r(-50)?
2708
Let w(j) = -2*j**2 + 514*j - 14787. Determine w(33).
-3
Let z(w) = 2760*w + 237168. What is z(-86)?
-192
Let d(w) = -585*w**2 + 38*w + 101. What is d